{"id":669,"date":"2025-10-26T14:13:52","date_gmt":"2025-10-26T14:13:52","guid":{"rendered":"https:\/\/evagessner.de\/home\/?post_type=tribe_events&#038;p=669"},"modified":"2025-10-26T14:14:16","modified_gmt":"2025-10-26T14:14:16","slug":"lesung-zusammen-mit-mathias-berg-im-cafe-radix-in-koeln","status":"publish","type":"tribe_events","link":"https:\/\/evagessner.de\/home\/termine\/lesung-zusammen-mit-mathias-berg-im-cafe-radix-in-koeln\/","title":{"rendered":"Lesung zusammen mit Mathias Berg im Caf\u00e8 Radix in K\u00f6ln"},"content":{"rendered":"<p>Ich lese zusammen mit Mathias Berg im Caf\u00e9 Radix in K\u00f6ln M\u00fchlheim.<\/p>\n<p>Weitere Infos folgen<\/p>\n<p>Der Erl\u00f6s des Abends geht an den Verein &#8222;Lobby f\u00fcr M\u00e4dchen&#8220;<\/p>\n<p>&nbsp;<\/p>\n","protected":false},"excerpt":{"rendered":"<p>Ich lese zusammen mit Mathias Berg im Caf\u00e9 Radix in K\u00f6ln M\u00fchlheim. Weitere Infos folgen Der Erl\u00f6s des Abends geht an den Verein &#8222;Lobby f\u00fcr M\u00e4dchen&#8220; &nbsp;<\/p>\n","protected":false},"author":2,"featured_media":0,"template":"","meta":{"_tribe_events_status":"","_tribe_events_status_reason":"","footnotes":""},"tags":[],"tribe_events_cat":[],"class_list":["post-669","tribe_events","type-tribe_events","status-publish","hentry"],"_links":{"self":[{"href":"https:\/\/evagessner.de\/home\/wp-json\/wp\/v2\/tribe_events\/669","targetHints":{"allow":["GET"]}}],"collection":[{"href":"https:\/\/evagessner.de\/home\/wp-json\/wp\/v2\/tribe_events"}],"about":[{"href":"https:\/\/evagessner.de\/home\/wp-json\/wp\/v2\/types\/tribe_events"}],"author":[{"embeddable":true,"href":"https:\/\/evagessner.de\/home\/wp-json\/wp\/v2\/users\/2"}],"version-history":[{"count":1,"href":"https:\/\/evagessner.de\/home\/wp-json\/wp\/v2\/tribe_events\/669\/revisions"}],"predecessor-version":[{"id":672,"href":"https:\/\/evagessner.de\/home\/wp-json\/wp\/v2\/tribe_events\/669\/revisions\/672"}],"wp:attachment":[{"href":"https:\/\/evagessner.de\/home\/wp-json\/wp\/v2\/media?parent=669"}],"wp:term":[{"taxonomy":"post_tag","embeddable":true,"href":"https:\/\/evagessner.de\/home\/wp-json\/wp\/v2\/tags?post=669"},{"taxonomy":"tribe_events_cat","embeddable":true,"href":"https:\/\/evagessner.de\/home\/wp-json\/wp\/v2\/tribe_events_cat?post=669"}],"curies":[{"name":"wp","href":"https:\/\/api.w.org\/{rel}","templated":true}]}}

Lesung zusammen mit Mathias Berg im Cafè Radix in Köln

<p>Ich lese zusammen mit Mathias Berg im Café Radix in Köln Mühlheim.</p>
<p>Weitere Infos folgen</p>
<p>Der Erlös des Abends geht an den Verein &#8222;Lobby für Mädchen&#8220;</p>
<p>&nbsp;</p>

<p>Ich lese zusammen mit Mathias Berg im Café Radix in Köln Mühlheim. Weitere Infos folgen Der Erlös des Abends geht an den Verein &#8222;Lobby für Mädchen&#8220; &nbsp;</p>
