{"id":660,"date":"2025-10-26T14:04:25","date_gmt":"2025-10-26T14:04:25","guid":{"rendered":"https:\/\/evagessner.de\/home\/?post_type=tribe_events&#038;p=660"},"modified":"2025-10-26T14:04:25","modified_gmt":"2025-10-26T14:04:25","slug":"lesung-im-buchladen-am-neuen-markt","status":"publish","type":"tribe_events","link":"https:\/\/evagessner.de\/home\/termine\/lesung-im-buchladen-am-neuen-markt\/","title":{"rendered":"Lesung im : buchladen am Neuen Markt"},"content":{"rendered":"<p>P\u00fcnktlich zur Woche der Unabh\u00e4ngigen Buchhandlungen lesen <a class=\"x1i10hfl xjbqb8w x1ejq31n x18oe1m7 x1sy0etr xstzfhl x972fbf x10w94by x1qhh985 x14e42zd x9f619 x1ypdohk xt0psk2 x3ct3a4 xdj266r x14z9mp xat24cr x1lziwak xexx8yu xyri2b x18d9i69 x1c1uobl x16tdsg8 x1hl2dhg xggy1nq x1a2a7pz notranslate _a6hd\" tabindex=\"0\" role=\"link\" href=\"https:\/\/www.instagram.com\/jo.ann.martin.author\/\">Jo Ann Martin<\/a> und <a class=\"x1i10hfl xjbqb8w x1ejq31n x18oe1m7 x1sy0etr xstzfhl x972fbf x10w94by x1qhh985 x14e42zd x9f619 x1ypdohk xt0psk2 x3ct3a4 xdj266r x14z9mp xat24cr x1lziwak xexx8yu xyri2b x18d9i69 x1c1uobl x16tdsg8 x1hl2dhg xggy1nq x1a2a7pz notranslate _a6hd\" tabindex=\"0\" role=\"link\" href=\"https:\/\/www.instagram.com\/eva_gessner_autorin\/\">ich<\/a> gemeinsam aus unseren aktuellen Krimis. Unter dem Motto \u201eEifelidylle trifft auf Gro\u00dfstadtdschungel\u201c erwarten euch zwei packende Geschichten, die von ihren Settings unterschiedlicher nicht sein k\u00f6nnen und dennoch eines gemeinsam haben: Sie nehmen wichtige gesellschaftliche Themen ins Visier, die uns alle betreffen.<br \/>\nAber es wird nicht nur gelesen. Die beiden Autorinnen plaudern auch aus ihrem Schreiballtag und stellen sich euren Fragen.<\/p>\n<p>Jo Ann Martins Debut \u201eTod unter Wacholdern\u201c entf\u00fchrt euch in die geheimnisvolle Vulkaneifel. Hier passiert eigentlich nie etwas, daher ist die Aufregung gro\u00df, als oben im Wacholderschutzgebiet ein Mann tot auf einer Bank aufgefunden wird. Der kauzige Kommissar Leo Werner ermittelt. Parallel zu dem Mord entspinnt sich unten im Dorf ein weiterer Krimi. Die neue Nachbarin der Biologin Alex Cameron wird Opfer eines Stalkers. Da den Beh\u00f6rden die H\u00e4nde gebunden sind, mischt sich Alex ein &#8211; tatkr\u00e4ftig unterst\u00fctzt von ihrer unkonventionellen Wochenend-WG und vom Dorf, indem sie ohnehin immer mehr wissen als die Polizei. Dabei ger\u00e4t Alex in gro\u00dfe Gefahr. Sollten die beiden F\u00e4lle zusammenh\u00e4ngen?<\/p>\n<p>\u201eVerlorene Seelen\u201c nimmt euch mit auf einen Trip in die Obdachlosenszene in K\u00f6ln. Eine junge Frau wird ermordet aufgefunden. Ihr fehlt ein Fu\u00df. Kommissarin Franziska Frey ahnt, dass hier ein Fetisch-M\u00f6rder am Werk ist. Aus Ahnung wird Gewissheit als eine zweite Frauenleiche gefunden wird, mit identischen Merkmalen. Als dann eine dritte Frau verschwindet, beginnt ein packender Wettlauf gegen die Zeit.<br \/>\nEva Ge\u00dfner ist bekannt f\u00fcr ihre sozialkritischen Stoffe. In ihrem neuen Thriller nimmt sie das Thema Obdachlosigkeit unter die Lupe. \u201eViele von uns sind nur ein paar schlechte Monate von der Obdachlosigkeit entfernt\u201c, sagt die Autorin in Interviews, eine Aussage, die zum Nachdenken anregt.<\/p>\n<p><img loading=\"lazy\" decoding=\"async\" class=\"alignnone size-medium wp-image-665\" src=\"https:\/\/evagessner.de\/wp-content\/uploads\/2025\/10\/799B1EF7-BE13-44EF-8AC2-D5F821B47276_L0_001-25.8.2025-22_29_46-186x300.jpg\" alt=\"\" width=\"186\" height=\"300\" srcset=\"https:\/\/evagessner.de\/wp-content\/uploads\/2025\/10\/799B1EF7-BE13-44EF-8AC2-D5F821B47276_L0_001-25.8.2025-22_29_46-186x300.jpg 186w, https:\/\/evagessner.de\/wp-content\/uploads\/2025\/10\/799B1EF7-BE13-44EF-8AC2-D5F821B47276_L0_001-25.8.2025-22_29_46.jpg 600w\" sizes=\"auto, (max-width: 186px) 100vw, 186px\" \/> <img loading=\"lazy\" decoding=\"async\" class=\"alignnone size-medium wp-image-648\" src=\"https:\/\/evagessner.de\/wp-content\/uploads\/2025\/05\/9783989982604-188x300.jpg\" alt=\"\" width=\"188\" height=\"300\" \/><\/p>\n","protected":false},"excerpt":{"rendered":"<p>P\u00fcnktlich zur Woche der Unabh\u00e4ngigen Buchhandlungen lesen Jo Ann Martin und ich gemeinsam aus unseren aktuellen Krimis. Unter dem Motto \u201eEifelidylle trifft auf Gro\u00dfstadtdschungel\u201c erwarten euch zwei packende Geschichten, die [&hellip;]<\/p>\n","protected":false},"author":2,"featured_media":0,"template":"","meta":{"_tribe_events_status":"","_tribe_events_status_reason":"","footnotes":""},"tags":[],"tribe_events_cat":[],"class_list":["post-660","tribe_events","type-tribe_events","status-publish","hentry"],"_links":{"self":[{"href":"https:\/\/evagessner.de\/home\/wp-json\/wp\/v2\/tribe_events\/660","targetHints":{"allow":["GET"]}}],"collection":[{"href":"https:\/\/evagessner.de\/home\/wp-json\/wp\/v2\/tribe_events"}],"about":[{"href":"https:\/\/evagessner.de\/home\/wp-json\/wp\/v2\/types\/tribe_events"}],"author":[{"embeddable":true,"href":"https:\/\/evagessner.de\/home\/wp-json\/wp\/v2\/users\/2"}],"version-history":[{"count":2,"href":"https:\/\/evagessner.de\/home\/wp-json\/wp\/v2\/tribe_events\/660\/revisions"}],"predecessor-version":[{"id":666,"href":"https:\/\/evagessner.de\/home\/wp-json\/wp\/v2\/tribe_events\/660\/revisions\/666"}],"wp:attachment":[{"href":"https:\/\/evagessner.de\/home\/wp-json\/wp\/v2\/media?parent=660"}],"wp:term":[{"taxonomy":"post_tag","embeddable":true,"href":"https:\/\/evagessner.de\/home\/wp-json\/wp\/v2\/tags?post=660"},{"taxonomy":"tribe_events_cat","embeddable":true,"href":"https:\/\/evagessner.de\/home\/wp-json\/wp\/v2\/tribe_events_cat?post=660"}],"curies":[{"name":"wp","href":"https:\/\/api.w.org\/{rel}","templated":true}]}}

<p>Pünktlich zur Woche der Unabhängigen Buchhandlungen lesen <a class="x1i10hfl xjbqb8w x1ejq31n x18oe1m7 x1sy0etr xstzfhl x972fbf x10w94by x1qhh985 x14e42zd x9f619 x1ypdohk xt0psk2 x3ct3a4 xdj266r x14z9mp xat24cr x1lziwak xexx8yu xyri2b x18d9i69 x1c1uobl x16tdsg8 x1hl2dhg xggy1nq x1a2a7pz notranslate _a6hd" tabindex="0" role="link" href="https://www.instagram.com/jo.ann.martin.author/">Jo Ann Martin</a> und <a class="x1i10hfl xjbqb8w x1ejq31n x18oe1m7 x1sy0etr xstzfhl x972fbf x10w94by x1qhh985 x14e42zd x9f619 x1ypdohk xt0psk2 x3ct3a4 xdj266r x14z9mp xat24cr x1lziwak xexx8yu xyri2b x18d9i69 x1c1uobl x16tdsg8 x1hl2dhg xggy1nq x1a2a7pz notranslate _a6hd" tabindex="0" role="link" href="https://www.instagram.com/eva_gessner_autorin/">ich</a> gemeinsam aus unseren aktuellen Krimis. Unter dem Motto „Eifelidylle trifft auf Großstadtdschungel“ erwarten euch zwei packende Geschichten, die von ihren Settings unterschiedlicher nicht sein können und dennoch eines gemeinsam haben: Sie nehmen wichtige gesellschaftliche Themen ins Visier, die uns alle betreffen.<br />
Aber es wird nicht nur gelesen. Die beiden Autorinnen plaudern auch aus ihrem Schreiballtag und stellen sich euren Fragen.</p>
<p>Jo Ann Martins Debut „Tod unter Wacholdern“ entführt euch in die geheimnisvolle Vulkaneifel. Hier passiert eigentlich nie etwas, daher ist die Aufregung groß, als oben im Wacholderschutzgebiet ein Mann tot auf einer Bank aufgefunden wird. Der kauzige Kommissar Leo Werner ermittelt. Parallel zu dem Mord entspinnt sich unten im Dorf ein weiterer Krimi. Die neue Nachbarin der Biologin Alex Cameron wird Opfer eines Stalkers. Da den Behörden die Hände gebunden sind, mischt sich Alex ein &#8211; tatkräftig unterstützt von ihrer unkonventionellen Wochenend-WG und vom Dorf, indem sie ohnehin immer mehr wissen als die Polizei. Dabei gerät Alex in große Gefahr. Sollten die beiden Fälle zusammenhängen?</p>
<p>„Verlorene Seelen“ nimmt euch mit auf einen Trip in die Obdachlosenszene in Köln. Eine junge Frau wird ermordet aufgefunden. Ihr fehlt ein Fuß. Kommissarin Franziska Frey ahnt, dass hier ein Fetisch-Mörder am Werk ist. Aus Ahnung wird Gewissheit als eine zweite Frauenleiche gefunden wird, mit identischen Merkmalen. Als dann eine dritte Frau verschwindet, beginnt ein packender Wettlauf gegen die Zeit.<br />
Eva Geßner ist bekannt für ihre sozialkritischen Stoffe. In ihrem neuen Thriller nimmt sie das Thema Obdachlosigkeit unter die Lupe. „Viele von uns sind nur ein paar schlechte Monate von der Obdachlosigkeit entfernt“, sagt die Autorin in Interviews, eine Aussage, die zum Nachdenken anregt.</p>
<p><img loading="lazy" decoding="async" class="alignnone size-medium wp-image-665" src="https://evagessner.de/wp-content/uploads/2025/10/799B1EF7-BE13-44EF-8AC2-D5F821B47276_L0_001-25.8.2025-22_29_46-186x300.jpg" alt="" width="186" height="300" srcset="https://evagessner.de/wp-content/uploads/2025/10/799B1EF7-BE13-44EF-8AC2-D5F821B47276_L0_001-25.8.2025-22_29_46-186x300.jpg 186w, https://evagessner.de/wp-content/uploads/2025/10/799B1EF7-BE13-44EF-8AC2-D5F821B47276_L0_001-25.8.2025-22_29_46.jpg 600w" sizes="auto, (max-width: 186px) 100vw, 186px" /> <img loading="lazy" decoding="async" class="alignnone size-medium wp-image-648" src="https://evagessner.de/wp-content/uploads/2025/05/9783989982604-188x300.jpg" alt="" width="188" height="300" /></p>

<p>Pünktlich zur Woche der Unabhängigen Buchhandlungen lesen Jo Ann Martin und ich gemeinsam aus unseren aktuellen Krimis. Unter dem Motto „Eifelidylle trifft auf Großstadtdschungel“ erwarten euch zwei packende Geschichten, die [&hellip;]</p>
