{"id":46,"date":"2014-02-17T14:20:33","date_gmt":"2014-02-17T14:20:33","guid":{"rendered":"http:\/\/demo.themegrill.com\/radiate\/?page_id=46"},"modified":"2025-10-26T13:46:08","modified_gmt":"2025-10-26T13:46:08","slug":"free-support","status":"publish","type":"page","link":"https:\/\/evagessner.de\/home\/free-support\/","title":{"rendered":"Seelenkalt"},"content":{"rendered":"\n<div class=\"wp-block-media-text is-stacked-on-mobile\" style=\"grid-template-columns:85% auto\"><figure class=\"wp-block-media-text__media\"><img loading=\"lazy\" decoding=\"async\" width=\"1024\" height=\"366\" src=\"https:\/\/evagessner.de\/wp-content\/uploads\/2023\/09\/9783987782954_website-1024x366.jpg\" alt=\"\" class=\"wp-image-397 size-full\" srcset=\"https:\/\/evagessner.de\/wp-content\/uploads\/2023\/09\/9783987782954_website-1024x366.jpg 1024w, https:\/\/evagessner.de\/wp-content\/uploads\/2023\/09\/9783987782954_website-300x107.jpg 300w, https:\/\/evagessner.de\/wp-content\/uploads\/2023\/09\/9783987782954_website-768x274.jpg 768w, https:\/\/evagessner.de\/wp-content\/uploads\/2023\/09\/9783987782954_website-1536x548.jpg 1536w, https:\/\/evagessner.de\/wp-content\/uploads\/2023\/09\/9783987782954_website-2048x731.jpg 2048w\" sizes=\"auto, (max-width: 1024px) 100vw, 1024px\" \/><\/figure><div class=\"wp-block-media-text__content\">\n<p><\/p>\n<\/div><\/div>\n\n\n\n<p><\/p>\n\n\n\n<div class=\"wp-block-buttons is-layout-flex wp-block-buttons-is-layout-flex\">\n<div class=\"wp-block-button\"><a class=\"wp-block-button__link wp-element-button\" href=\"https:\/\/www.digital-publishers.com\/de\/romane\/seelenkalt-thriller-ebook\/leseprobe\" target=\"_blank\" rel=\"noreferrer noopener\">Leseprobe<\/a><\/div>\n<\/div>\n\n\n\n<p><\/p>\n\n\n\n<p> <strong>Ein Thriller mit wichtiger Message<\/strong><\/p>\n\n\n\n<p style=\"font-size:14px\"><em>Seelenkalt<\/em>&nbsp;ist nicht nur eine Achterbahnfahrt f\u00fcr&nbsp;<a rel=\"noreferrer noopener\" href=\"https:\/\/www.digitalpublishers.de\/buecher\/thriller\" target=\"_blank\">Krimi<\/a>fans, sondern der nervenaufreibende Thriller konfrontiert auch mit der Realit\u00e4t der gesellschaftlich akzeptierten Prostitution und wirft dr\u00e4ngende politische Fragen auf zum Umgang mit der Prostitution, nicht nur in Deutschland.<\/p>\n\n\n\n<p class=\"has-text-align-left\" style=\"font-size:20px\"><strong>Klappentext<\/strong><\/p>\n\n\n\n<p class=\"has-text-align-left\" style=\"font-size:14px\">Kriminalhauptkommissarin Franziska Frey steht vor einem verzwickten Fall: Ein angesehener Steuerberater wird brutal zusammengeschlagen und alle Hinweise f\u00fchren ins d\u00fcstere Rotlichtmilieu. Als verst\u00f6rende Foltervideos auftauchen, wird klar, dass ein skrupelloser Serienkiller sein Unwesen treibt. Die Kommissarin enth\u00fcllt ein Netz aus L\u00fcgen, das ihr selbst zum Verh\u00e4ngnis werden k\u00f6nnte und muss den T\u00e4ter stoppen, bevor er erneut zuschl\u00e4gt. W\u00e4hrend Franziskas Ermittlungen Fahrt aufnehmen, k\u00e4mpft Richard Erdmann gleichzeitig darum, seine Tochter aus den F\u00e4ngen des Milieus zu befreien. Doch f\u00fcr das Leben seiner Tochter muss er das eigene riskieren \u2026<\/p>\n\n\n\n<hr class=\"wp-block-separator has-alpha-channel-opacity\"\/>\n\n\n\n<p style=\"font-size:20px\"><strong>Leserstimmen<\/strong><\/p>\n\n\n\n<p class=\"has-vivid-red-color has-text-color has-link-color wp-elements-ca3db94b64380cae5f3538ff0c1098f0\">Eltern passt auf euere T\u00f6chter auf!<\/p>\n\n\n\n<p style=\"font-size:14px\">Als Mutter von zwei T\u00f6chtern hat mich dieser Thriller von Anfang an gepackt und bis jetzt nicht mehr los gelassen. Was bin ich froh, dass wir auf dem Land leben. Die Figuren sind gut ausgearbeitet und sehr sympathisch (nat\u00fcrlich nur die Ermittler), aber auch die T\u00e4ter sind authentisch dargestellt und lassen einen tief in ihre d\u00fcstere Seelen blicken. Die Hintergr\u00fcnde des Romans sind gut recherchiert und glaubw\u00fcrdig. Da hat jemand seine Recherche-Hausaufgaben exzellent erledigt.&nbsp;<\/p>\n\n\n\n<p class=\"has-vivid-red-color has-text-color has-link-color wp-elements-b0eb53cb8d3d2824d41dfb2d6b694298\">*Seelenkalt* ist der 2. Thriller von Eva Ge\u00dfner und wieder unglaublich tiefgr\u00fcndig und gut ausgearbeitet.&nbsp;<\/p>\n\n\n\n<p style=\"font-size:14px\">Die Abgr\u00fcnde um die gesellschaftliche Akzeptanz der Prostitution, sowie die detaillierte Beschreibung der Branche, bis hin zur Zwangsprostitution, Loverboys und Zuh\u00e4lterei sind sehr gut recherchiert und gibt einen umfangreichen Einblick in die Vielschichtigkeit des Gewerbes, sowie deren Kunden und Arten von Prostitution. Seelenkalt konnte ich nicht aus der Hand legen. Insgesamt ist &#8222;Seelenkalt&#8220; eine spannende Erz\u00e4hlung, die sowohl das Herz als auch den Verstand anspricht. Eine absolute Empfehlung f\u00fcr alle, die nach einem Buch suchen, das sie von der ersten bis zur letzten Seite fesseln wird.<\/p>\n\n\n\n<hr class=\"wp-block-separator has-alpha-channel-opacity\"\/>\n\n\n\n<p style=\"font-size:20px\">B\u00fccher kaufen<\/p>\n\n\n\n<div class=\"wp-block-buttons is-layout-flex wp-block-buttons-is-layout-flex\">\n<div class=\"wp-block-button\"><a class=\"wp-block-button__link wp-element-button\" href=\"https:\/\/shop.autorenwelt.de\/products\/seelenkalt-von-eva-gessner?variant=47027257082181\" target=\"_blank\" rel=\"noreferrer noopener\">Autorenwelt Shop<\/a><\/div>\n\n\n\n<div class=\"wp-block-button\"><a class=\"wp-block-button__link wp-element-button\" href=\"https:\/\/agnesbuchhandlung.buchhandlung.de\/shop\/article\/51322497\/eva_gessner_seelenkalt.html\" target=\"_blank\" rel=\"noreferrer noopener\">eBook<\/a><\/div>\n\n\n\n<div class=\"wp-block-button\"><a class=\"wp-block-button__link wp-element-button\" href=\"https:\/\/agnesbuchhandlung.buchhandlung.de\/shop\/article\/51533725\/eva_gessner_seelenkalt.html\">H\u00f6rbuch<\/a><\/div>\n<\/div>\n\n\n\n<p><\/p>\n\n\n\n<p><em><mark style=\"background-color:rgba(0, 0, 0, 0)\" class=\"has-inline-color has-vivid-red-color\">Wenn ihr das Buch im Autorenwelt Shop kauft,&nbsp;<br>verdiene ich noch mal 7% zus\u00e4tzlich daran.&nbsp;<br>Und euch kostet es keinen Cent mehr.<\/mark><\/em><\/p>\n","protected":false},"excerpt":{"rendered":"<p>In den Tiefen der Nacht lauert das B\u00f6se \u2026<br \/>\nDer nervenaufreibende Kriminalthriller \u00fcber die Schatten der gesellschaftlich akzeptierten Prostitution<\/p>\n","protected":false},"author":2,"featured_media":350,"parent":0,"menu_order":2,"comment_status":"closed","ping_status":"closed","template":"","meta":{"footnotes":""},"class_list":["post-46","page","type-page","status-publish","has-post-thumbnail","hentry"],"_links":{"self":[{"href":"https:\/\/evagessner.de\/home\/wp-json\/wp\/v2\/pages\/46","targetHints":{"allow":["GET"]}}],"collection":[{"href":"https:\/\/evagessner.de\/home\/wp-json\/wp\/v2\/pages"}],"about":[{"href":"https:\/\/evagessner.de\/home\/wp-json\/wp\/v2\/types\/page"}],"author":[{"embeddable":true,"href":"https:\/\/evagessner.de\/home\/wp-json\/wp\/v2\/users\/2"}],"replies":[{"embeddable":true,"href":"https:\/\/evagessner.de\/home\/wp-json\/wp\/v2\/comments?post=46"}],"version-history":[{"count":21,"href":"https:\/\/evagessner.de\/home\/wp-json\/wp\/v2\/pages\/46\/revisions"}],"predecessor-version":[{"id":656,"href":"https:\/\/evagessner.de\/home\/wp-json\/wp\/v2\/pages\/46\/revisions\/656"}],"wp:featuredmedia":[{"embeddable":true,"href":"https:\/\/evagessner.de\/home\/wp-json\/wp\/v2\/media\/350"}],"wp:attachment":[{"href":"https:\/\/evagessner.de\/home\/wp-json\/wp\/v2\/media?parent=46"}],"curies":[{"name":"wp","href":"https:\/\/api.w.org\/{rel}","templated":true}]}}