{"id":448,"date":"2025-01-08T17:07:28","date_gmt":"2025-01-08T17:07:28","guid":{"rendered":"https:\/\/evagessner.de\/home\/?page_id=448"},"modified":"2025-10-26T13:38:15","modified_gmt":"2025-10-26T13:38:15","slug":"verlorene-seelen","status":"publish","type":"page","link":"https:\/\/evagessner.de\/home\/verlorene-seelen\/","title":{"rendered":"Verlorene Seelen"},"content":{"rendered":"\n<div class=\"wp-block-media-text is-stacked-on-mobile is-vertically-aligned-top\" style=\"grid-template-columns:85% auto\"><figure class=\"wp-block-media-text__media\"><img loading=\"lazy\" decoding=\"async\" width=\"1024\" height=\"366\" src=\"https:\/\/evagessner.de\/wp-content\/uploads\/2025\/05\/9783989982604_Website-1024x366.jpg\" alt=\"\" class=\"wp-image-643 size-full\" srcset=\"https:\/\/evagessner.de\/wp-content\/uploads\/2025\/05\/9783989982604_Website-1024x366.jpg 1024w, https:\/\/evagessner.de\/wp-content\/uploads\/2025\/05\/9783989982604_Website-300x107.jpg 300w, https:\/\/evagessner.de\/wp-content\/uploads\/2025\/05\/9783989982604_Website-768x274.jpg 768w, https:\/\/evagessner.de\/wp-content\/uploads\/2025\/05\/9783989982604_Website-1536x548.jpg 1536w, https:\/\/evagessner.de\/wp-content\/uploads\/2025\/05\/9783989982604_Website-2048x731.jpg 2048w\" sizes=\"auto, (max-width: 1024px) 100vw, 1024px\" \/><\/figure><div class=\"wp-block-media-text__content\">\n<p><\/p>\n<\/div><\/div>\n\n\n\n<p><\/p>\n\n\n\n<div class=\"wp-block-buttons is-layout-flex wp-block-buttons-is-layout-flex\">\n<div class=\"wp-block-button is-style-fill\"><a class=\"wp-block-button__link wp-element-button\" href=\"https:\/\/www.digital-publishers.com\/de\/romane\/verlorene-seelen-thriller-ebook\/leseprobe\" target=\"_blank\" rel=\"noreferrer noopener\">Leseprobe<\/a><\/div>\n<\/div>\n\n\n<p><\/p>\n\n\n<p><\/p>\n\n\n\n<p class=\"has-black-color has-text-color has-link-color has-medium-font-size wp-elements-aee1006d2d79057d58c2e11c6c3f33f7\"><strong>Klappentext<\/strong><\/p>\n\n\n\n<p class=\"has-black-color has-text-color has-link-color wp-elements-5a4ff95a05b89c7c0caf61fcbb142556\" style=\"font-size:14px\">Eine junge obdachlose Frau wird tot auf einem Spielplatz gefunden \u2013 erw\u00fcrgt, missbraucht und ihr rechter Fu\u00df abgetrennt. Ein Verbrechen, das Kommissarin Franziska Frey zutiefst ersch\u00fcttert. Doch w\u00e4hrend die Ermittlungsarbeiten auf Hochtouren laufen, schl\u00e4gt der T\u00e4ter erneut zu \u2013 nach dem selben brutalen Muster. F\u00fcr Franziska ist umgehend klar: Es handelt sich um einen Serienm\u00f6rder. Kommissarin Frey und ihr Team stehen vor einem R\u00e4tsel. Es gibt kaum brauchbare Hinweise auf den T\u00e4ter. Doch pl\u00f6tzlich \u00fcberschlagen sich die Ereignisse und Tessa Anders ger\u00e4t in das Visier des M\u00f6rders. Ein Wettlauf gegen die Zeit beginnt \u2026<\/p>\n\n\n\n<p><\/p>\n\n\n\n<hr class=\"wp-block-separator has-alpha-channel-opacity\"\/>\n\n\n\n<p class=\"has-black-color has-text-color has-link-color has-medium-font-size wp-elements-4c5fefefbb53d0d8a23c1f1f5050e952\"><strong>Leserstimmen<\/strong><\/p>\n\n\n\n<p class=\"has-vivid-red-color has-text-color has-link-color wp-elements-8dab40d88afeb2ee8d99835dcf7ec680\" style=\"font-size:14px\">@lesenmitcarola &#8211; &#8222;Doch da war nichts au\u00dfer einer schwarzen Leere und K\u00e4lte. Es war grauenhaft.&#8220;<\/p>\n\n\n\n<p class=\"has-black-color has-text-color has-link-color wp-elements-50f9adea9af2df3ca453132198273a72\" style=\"font-size:14px\">Die Autorin gibt in ihrem Psychothriller Details nur St\u00fcck f\u00fcr St\u00fcck preis, das erh\u00f6ht die Spannung stetig.<br>Sie erz\u00e4hlt in drei Handlungsstr\u00e4ngen.&nbsp;<br>Zum einen gibt es kurze Einblicke in die Sichtweise des M\u00f6rders.&nbsp;Die l\u00e4ngeren Erz\u00e4hlstr\u00e4nge betreffen die Ermittlungen rund um Franziska und ihr Team und im dritten Strang erfahren wir etwas \u00fcber die Opfer.Sehr eindringlich beschreibt die Autorin das harte Leben auf der Stra\u00dfe. Besonders f\u00fcr Frauen ist jeder Tag die H\u00f6lle und jede Nacht ein \u00dcberlebenskampf.&nbsp;In ihrem Epilog geht die Autorin noch einmal dezidiert auf das Thema ein.&nbsp;<br>Fazit: Es kann jeden und jede treffen. <br>Beeindruckend fand ich die Szenen in der Rechtsmedizin, sauber recherchiert!!! Und das Profiling von Franziska, Tessa und Fritz. Alle Achtung!&nbsp;<br>Oft wei\u00df der Leser mehr als die Figuren, was eine bedrohliche Erwartungshaltung erzeugt und die Spannung am Ende f\u00f6rmlich explodieren l\u00e4sst. Denn die Rettung des letzten Opfers wird ein Wettrennen gegen die Zeit. Herzlichen Dank liebe&nbsp;<a href=\"https:\/\/www.instagram.com\/eva_gessner_autorin\/\">@eva_gessner_autorin<\/a>&nbsp;f\u00fcr Dein Buch. Ich bin wieder durch die Seiten gejagt, habe Hinweise gesammelt und wurde trotzdem von den beiden gro\u00dfen Twists \u00fcberrascht.<\/p>\n\n\n\n<p class=\"has-vivid-red-color has-text-color has-link-color wp-elements-a0d407f420e4b4ae91c974e9185cfed5\" style=\"font-size:14px\">@nordseekrabbe2502 <\/p>\n\n\n\n<p style=\"font-size:14px\">Wow das war mal ein Thriller ganz nach meinem Geschmack. Ich bin angefangen zu lesen und zack war ich mitten in der d\u00fcsteren spannenden Atmosph\u00e4re gefangen. Durch ihre wirklich tollen Szenenbeschreibungen und die Protagonisten, die fast Lebendig erscheinen, hatte ich das Gef\u00fchl direkt daneben zu stehen. Franziska kennen wir ja schon aus Seelenkalt und es war sch\u00f6n sie wieder begleiten zu k\u00f6nnen. So wie auch Tessa und Paul. ( Die vielleicht f\u00fcr etwas Herzflattern sorgen \ud83d\ude09 ).<br>Dieser Thriller geht in die Tiefe- und l\u00e4sst den Leser so schnell nicht wieder los. Eine absolute Empfehlung!<\/p>\n\n\n\n<p class=\"has-vivid-red-color has-text-color has-link-color wp-elements-45c2b2cd74bf1951a90d25e021cac263\" style=\"font-size:14px\">@violetsbookworld<\/p>\n\n\n\n<p style=\"font-size:14px\">Die Spannung hat mich vom ersten Moment an gepackt. Besonders ber\u00fchrt hat mich, wie die Sichtweise der Obdachlosen dargestellt wird. Die Unsicherheit, die Angst und das Gef\u00fchl der Hilflosigkeit sind so greifbar beschrieben, dass ich das Gef\u00fchl hatte, mittendrin in dieser d\u00fcsteren Welt zu sein&#8230;&nbsp;<br>Der Schreibstil ist \u2013 wie ich es von Eva Gessner gewohnt bin \u2013 einfach klasse! \u2728 Sie schafft es auch, auf Missst\u00e4nde aufmerksam zu machen, ohne dabei belehrend zu wirken.&nbsp;<br>\ud83d\udda4 Wenn ihr spannende und tiefgr\u00fcndige Psychothriller liebt, kann ich euch dieses Buch nur ans Herz legen!<\/p>\n\n\n\n<hr class=\"wp-block-separator has-alpha-channel-opacity\"\/>\n\n\n\n<p class=\"has-black-color has-text-color has-link-color has-medium-font-size wp-elements-93bc44bcbeefbc65a01a46b5a2dee5d8\">B\u00fccher kaufen<\/p>\n\n\n\n<div class=\"wp-block-buttons is-horizontal is-layout-flex wp-block-buttons-is-layout-flex\">\n<div class=\"wp-block-button\"><a class=\"wp-block-button__link wp-element-button\" href=\"https:\/\/shop.autorenwelt.de\/products\/vergessene-seelen-von-eva-gessner?variant=54055847166277\">Print <\/a><\/div>\n\n\n\n<div class=\"wp-block-button\"><a class=\"wp-block-button__link wp-element-button\" href=\"https:\/\/www.thalia.de\/shop\/home\/artikeldetails\/A1074086268\">eBook<\/a><\/div>\n<\/div>\n\n\n\n<p><\/p>\n","protected":false},"excerpt":{"rendered":"<p>Niemand, der ihnen hilft.<br \/>\nUnd ein Monster auf der Jagd.\u00a0\u00a0<br \/>\nPackend, nervenaufreibend, spannend:<br \/>\nEin neuer Fall f\u00fcr Franziska Frey<\/p>\n","protected":false},"author":2,"featured_media":648,"parent":0,"menu_order":3,"comment_status":"closed","ping_status":"closed","template":"","meta":{"footnotes":""},"class_list":["post-448","page","type-page","status-publish","has-post-thumbnail","hentry"],"_links":{"self":[{"href":"https:\/\/evagessner.de\/home\/wp-json\/wp\/v2\/pages\/448","targetHints":{"allow":["GET"]}}],"collection":[{"href":"https:\/\/evagessner.de\/home\/wp-json\/wp\/v2\/pages"}],"about":[{"href":"https:\/\/evagessner.de\/home\/wp-json\/wp\/v2\/types\/page"}],"author":[{"embeddable":true,"href":"https:\/\/evagessner.de\/home\/wp-json\/wp\/v2\/users\/2"}],"replies":[{"embeddable":true,"href":"https:\/\/evagessner.de\/home\/wp-json\/wp\/v2\/comments?post=448"}],"version-history":[{"count":40,"href":"https:\/\/evagessner.de\/home\/wp-json\/wp\/v2\/pages\/448\/revisions"}],"predecessor-version":[{"id":652,"href":"https:\/\/evagessner.de\/home\/wp-json\/wp\/v2\/pages\/448\/revisions\/652"}],"wp:featuredmedia":[{"embeddable":true,"href":"https:\/\/evagessner.de\/home\/wp-json\/wp\/v2\/media\/648"}],"wp:attachment":[{"href":"https:\/\/evagessner.de\/home\/wp-json\/wp\/v2\/media?parent=448"}],"curies":[{"name":"wp","href":"https:\/\/api.w.org\/{rel}","templated":true}]}}

<div class="wp-block-media-text is-stacked-on-mobile is-vertically-aligned-top" style="grid-template-columns:85% auto"><figure class="wp-block-media-text__media"><img loading="lazy" decoding="async" width="1024" height="366" src="https://evagessner.de/wp-content/uploads/2025/05/9783989982604_Website-1024x366.jpg" alt="" class="wp-image-643 size-full" srcset="https://evagessner.de/wp-content/uploads/2025/05/9783989982604_Website-1024x366.jpg 1024w, https://evagessner.de/wp-content/uploads/2025/05/9783989982604_Website-300x107.jpg 300w, https://evagessner.de/wp-content/uploads/2025/05/9783989982604_Website-768x274.jpg 768w, https://evagessner.de/wp-content/uploads/2025/05/9783989982604_Website-1536x548.jpg 1536w, https://evagessner.de/wp-content/uploads/2025/05/9783989982604_Website-2048x731.jpg 2048w" sizes="auto, (max-width: 1024px) 100vw, 1024px" /></figure><div class="wp-block-media-text__content">
<p></p>
</div></div>



<p></p>



<div class="wp-block-buttons is-layout-flex wp-block-buttons-is-layout-flex">
<div class="wp-block-button is-style-fill"><a class="wp-block-button__link wp-element-button" href="https://www.digital-publishers.com/de/romane/verlorene-seelen-thriller-ebook/leseprobe" target="_blank" rel="noreferrer noopener">Leseprobe</a></div>
</div>


<p></p>


<p></p>



<p class="has-black-color has-text-color has-link-color has-medium-font-size wp-elements-aee1006d2d79057d58c2e11c6c3f33f7"><strong>Klappentext</strong></p>



<p class="has-black-color has-text-color has-link-color wp-elements-5a4ff95a05b89c7c0caf61fcbb142556" style="font-size:14px">Eine junge obdachlose Frau wird tot auf einem Spielplatz gefunden – erwürgt, missbraucht und ihr rechter Fuß abgetrennt. Ein Verbrechen, das Kommissarin Franziska Frey zutiefst erschüttert. Doch während die Ermittlungsarbeiten auf Hochtouren laufen, schlägt der Täter erneut zu – nach dem selben brutalen Muster. Für Franziska ist umgehend klar: Es handelt sich um einen Serienmörder. Kommissarin Frey und ihr Team stehen vor einem Rätsel. Es gibt kaum brauchbare Hinweise auf den Täter. Doch plötzlich überschlagen sich die Ereignisse und Tessa Anders gerät in das Visier des Mörders. Ein Wettlauf gegen die Zeit beginnt …</p>



<p></p>



<hr class="wp-block-separator has-alpha-channel-opacity"/>



<p class="has-black-color has-text-color has-link-color has-medium-font-size wp-elements-4c5fefefbb53d0d8a23c1f1f5050e952"><strong>Leserstimmen</strong></p>



<p class="has-vivid-red-color has-text-color has-link-color wp-elements-8dab40d88afeb2ee8d99835dcf7ec680" style="font-size:14px">@lesenmitcarola &#8211; &#8222;Doch da war nichts außer einer schwarzen Leere und Kälte. Es war grauenhaft.&#8220;</p>



<p class="has-black-color has-text-color has-link-color wp-elements-50f9adea9af2df3ca453132198273a72" style="font-size:14px">Die Autorin gibt in ihrem Psychothriller Details nur Stück für Stück preis, das erhöht die Spannung stetig.<br>Sie erzählt in drei Handlungssträngen.&nbsp;<br>Zum einen gibt es kurze Einblicke in die Sichtweise des Mörders.&nbsp;Die längeren Erzählstränge betreffen die Ermittlungen rund um Franziska und ihr Team und im dritten Strang erfahren wir etwas über die Opfer.Sehr eindringlich beschreibt die Autorin das harte Leben auf der Straße. Besonders für Frauen ist jeder Tag die Hölle und jede Nacht ein Überlebenskampf.&nbsp;In ihrem Epilog geht die Autorin noch einmal dezidiert auf das Thema ein.&nbsp;<br>Fazit: Es kann jeden und jede treffen. <br>Beeindruckend fand ich die Szenen in der Rechtsmedizin, sauber recherchiert!!! Und das Profiling von Franziska, Tessa und Fritz. Alle Achtung!&nbsp;<br>Oft weiß der Leser mehr als die Figuren, was eine bedrohliche Erwartungshaltung erzeugt und die Spannung am Ende förmlich explodieren lässt. Denn die Rettung des letzten Opfers wird ein Wettrennen gegen die Zeit. Herzlichen Dank liebe&nbsp;<a href="https://www.instagram.com/eva_gessner_autorin/">@eva_gessner_autorin</a>&nbsp;für Dein Buch. Ich bin wieder durch die Seiten gejagt, habe Hinweise gesammelt und wurde trotzdem von den beiden großen Twists überrascht.</p>



<p class="has-vivid-red-color has-text-color has-link-color wp-elements-a0d407f420e4b4ae91c974e9185cfed5" style="font-size:14px">@nordseekrabbe2502 </p>



<p style="font-size:14px">Wow das war mal ein Thriller ganz nach meinem Geschmack. Ich bin angefangen zu lesen und zack war ich mitten in der düsteren spannenden Atmosphäre gefangen. Durch ihre wirklich tollen Szenenbeschreibungen und die Protagonisten, die fast Lebendig erscheinen, hatte ich das Gefühl direkt daneben zu stehen. Franziska kennen wir ja schon aus Seelenkalt und es war schön sie wieder begleiten zu können. So wie auch Tessa und Paul. ( Die vielleicht für etwas Herzflattern sorgen 😉 ).<br>Dieser Thriller geht in die Tiefe- und lässt den Leser so schnell nicht wieder los. Eine absolute Empfehlung!</p>



<p class="has-vivid-red-color has-text-color has-link-color wp-elements-45c2b2cd74bf1951a90d25e021cac263" style="font-size:14px">@violetsbookworld</p>



<p style="font-size:14px">Die Spannung hat mich vom ersten Moment an gepackt. Besonders berührt hat mich, wie die Sichtweise der Obdachlosen dargestellt wird. Die Unsicherheit, die Angst und das Gefühl der Hilflosigkeit sind so greifbar beschrieben, dass ich das Gefühl hatte, mittendrin in dieser düsteren Welt zu sein&#8230;&nbsp;<br>Der Schreibstil ist – wie ich es von Eva Gessner gewohnt bin – einfach klasse! ✨ Sie schafft es auch, auf Missstände aufmerksam zu machen, ohne dabei belehrend zu wirken.&nbsp;<br>🖤 Wenn ihr spannende und tiefgründige Psychothriller liebt, kann ich euch dieses Buch nur ans Herz legen!</p>



<hr class="wp-block-separator has-alpha-channel-opacity"/>



<p class="has-black-color has-text-color has-link-color has-medium-font-size wp-elements-93bc44bcbeefbc65a01a46b5a2dee5d8">Bücher kaufen</p>



<div class="wp-block-buttons is-horizontal is-layout-flex wp-block-buttons-is-layout-flex">
<div class="wp-block-button"><a class="wp-block-button__link wp-element-button" href="https://shop.autorenwelt.de/products/vergessene-seelen-von-eva-gessner?variant=54055847166277">Print </a></div>



<div class="wp-block-button"><a class="wp-block-button__link wp-element-button" href="https://www.thalia.de/shop/home/artikeldetails/A1074086268">eBook</a></div>
</div>



<p></p>

<p>Niemand, der ihnen hilft.<br />
Und ein Monster auf der Jagd.  <br />
Packend, nervenaufreibend, spannend:<br />
Ein neuer Fall für Franziska Frey</p>
