{"id":42,"date":"2014-02-17T14:18:05","date_gmt":"2014-02-17T14:18:05","guid":{"rendered":"http:\/\/demo.themegrill.com\/radiate\/?page_id=42"},"modified":"2026-02-23T16:46:17","modified_gmt":"2026-02-23T16:46:17","slug":"parallax-header","status":"publish","type":"page","link":"https:\/\/evagessner.de\/home\/parallax-header\/","title":{"rendered":"Die Wahrheit hinter der T\u00fcr"},"content":{"rendered":"\n<div class=\"wp-block-media-text is-stacked-on-mobile\" style=\"grid-template-columns:85% auto\"><figure class=\"wp-block-media-text__media\"><img loading=\"lazy\" decoding=\"async\" width=\"1024\" height=\"366\" src=\"https:\/\/evagessner.de\/wp-content\/uploads\/2026\/02\/9783690905466_Website-1024x366.jpg\" alt=\"\" class=\"wp-image-694 size-full\" srcset=\"https:\/\/evagessner.de\/wp-content\/uploads\/2026\/02\/9783690905466_Website-1024x366.jpg 1024w, https:\/\/evagessner.de\/wp-content\/uploads\/2026\/02\/9783690905466_Website-300x107.jpg 300w, https:\/\/evagessner.de\/wp-content\/uploads\/2026\/02\/9783690905466_Website-768x274.jpg 768w, https:\/\/evagessner.de\/wp-content\/uploads\/2026\/02\/9783690905466_Website-1536x548.jpg 1536w, https:\/\/evagessner.de\/wp-content\/uploads\/2026\/02\/9783690905466_Website-2048x731.jpg 2048w\" sizes=\"auto, (max-width: 1024px) 100vw, 1024px\" \/><\/figure><div class=\"wp-block-media-text__content\">\n<p><\/p>\n<\/div><\/div>\n\n\n\n<p><\/p>\n\n\n\n<div class=\"wp-block-buttons is-layout-flex wp-block-buttons-is-layout-flex\">\n<div class=\"wp-block-button\"><a class=\"wp-block-button__link wp-element-button\">Leseprobe<\/a><\/div>\n<\/div>\n\n\n\n<hr class=\"wp-block-separator has-alpha-channel-opacity\"\/>\n\n\n\n<p>\u00dcber zwanzig Jahre nach dem Selbstmord ihrer Schwester scheint Annas Leben in bester Ordnung: Sie ist erfolgreiche Anw\u00e4ltin und ihr Mann ein ehrgeiziger Chefarzt. Die Ereignisse von damals hat sie v\u00f6llig verdr\u00e4ngt. Doch in ihrer Ehe kriselt es und Anna wird von immer wiederkehrenden Tr\u00e4umen gequ\u00e4lt: ein dunkler Flur, ein blauer Schmetterling und das hilflose Weinen eines M\u00e4dchens lassen sie nicht mehr los.<\/p>\n\n\n\n<p>Anna ahnt, dass die Tr\u00e4ume mit dem Tod ihrer Schwester zu tun haben. Doch um die Wahrheit zu entschl\u00fcsseln, muss sie tief in ihr Unterbewusstsein vordringen. Scheinbar zuf\u00e4llig begegnet sie dem suspendierten Hauptkommissar Fritz Sander, der ihr seine Hilfe anbietet. Die beiden geraten in ein Netz aus L\u00fcgen, Korruption, Mord und Geheimnissen. Wem kann Anna noch trauen und was lauert in ihrer Erinnerung?<\/p>\n\n\n\n<hr class=\"wp-block-separator has-alpha-channel-opacity\"\/>\n\n\n\n<div class=\"wp-block-buttons is-content-justification-left is-layout-flex wp-container-core-buttons-is-layout-497c4cc1 wp-block-buttons-is-layout-flex\">\n<div class=\"wp-block-button is-style-fill\"><a class=\"wp-block-button__link wp-element-button\" href=\"https:\/\/shop.autorenwelt.de\/products\/niemand-wird-dich-horen-thriller-krimi-von-eva-gessner?variant=39445964849245\" target=\"_blank\" rel=\"noreferrer noopener\">Autorenwelt Shop<\/a><\/div>\n\n\n\n<div class=\"wp-block-button is-style-fill\"><a class=\"wp-block-button__link wp-element-button\" href=\"https:\/\/agnesbuchhandlung.buchhandlung.de\/shop\/article\/36939629\/eva_gessner_niemand_wird_dich_hoeren.html\" target=\"_blank\" rel=\"noreferrer noopener\">eBook<\/a><\/div>\n\n\n\n<div class=\"wp-block-button is-style-fill\"><a class=\"wp-block-button__link wp-element-button\" href=\"https:\/\/agnesbuchhandlung.buchhandlung.de\/shop\/article\/51327952\/eva_gessner_niemand_wird_dich_hoeren.html\" target=\"_blank\" rel=\"noreferrer noopener\">H\u00f6rbuch<\/a><\/div>\n<\/div>\n\n\n\n<p><\/p>\n\n\n\n<p><em><mark style=\"background-color:rgba(0, 0, 0, 0)\" class=\"has-inline-color has-vivid-red-color\">Wenn ihr das Buch im Autorenwelt Shop kauft, <br>verdiene ich noch mal 7% zus\u00e4tzlich daran. <br>Und euch kostet es keinen Cent mehr.<\/mark><\/em><\/p>\n\n\n\n<p><\/p>\n\n\n\n<p><\/p>\n","protected":false},"excerpt":{"rendered":"<p>Jahrelang hat sie sich nicht an den Tod ihrer Schwester erinnert. Jahrelang hat sie keine Fragen gestellt. Doch nun wird sie in ihren Albtr\u00e4umen verfolgt \u2026<\/p>\n","protected":false},"author":2,"featured_media":691,"parent":0,"menu_order":1,"comment_status":"closed","ping_status":"closed","template":"","meta":{"footnotes":""},"class_list":["post-42","page","type-page","status-publish","has-post-thumbnail","hentry"],"_links":{"self":[{"href":"https:\/\/evagessner.de\/home\/wp-json\/wp\/v2\/pages\/42","targetHints":{"allow":["GET"]}}],"collection":[{"href":"https:\/\/evagessner.de\/home\/wp-json\/wp\/v2\/pages"}],"about":[{"href":"https:\/\/evagessner.de\/home\/wp-json\/wp\/v2\/types\/page"}],"author":[{"embeddable":true,"href":"https:\/\/evagessner.de\/home\/wp-json\/wp\/v2\/users\/2"}],"replies":[{"embeddable":true,"href":"https:\/\/evagessner.de\/home\/wp-json\/wp\/v2\/comments?post=42"}],"version-history":[{"count":15,"href":"https:\/\/evagessner.de\/home\/wp-json\/wp\/v2\/pages\/42\/revisions"}],"predecessor-version":[{"id":695,"href":"https:\/\/evagessner.de\/home\/wp-json\/wp\/v2\/pages\/42\/revisions\/695"}],"wp:featuredmedia":[{"embeddable":true,"href":"https:\/\/evagessner.de\/home\/wp-json\/wp\/v2\/media\/691"}],"wp:attachment":[{"href":"https:\/\/evagessner.de\/home\/wp-json\/wp\/v2\/media?parent=42"}],"curies":[{"name":"wp","href":"https:\/\/api.w.org\/{rel}","templated":true}]}}

Die Wahrheit hinter der Tür

<div class="wp-block-media-text is-stacked-on-mobile" style="grid-template-columns:85% auto"><figure class="wp-block-media-text__media"><img loading="lazy" decoding="async" width="1024" height="366" src="https://evagessner.de/wp-content/uploads/2026/02/9783690905466_Website-1024x366.jpg" alt="" class="wp-image-694 size-full" srcset="https://evagessner.de/wp-content/uploads/2026/02/9783690905466_Website-1024x366.jpg 1024w, https://evagessner.de/wp-content/uploads/2026/02/9783690905466_Website-300x107.jpg 300w, https://evagessner.de/wp-content/uploads/2026/02/9783690905466_Website-768x274.jpg 768w, https://evagessner.de/wp-content/uploads/2026/02/9783690905466_Website-1536x548.jpg 1536w, https://evagessner.de/wp-content/uploads/2026/02/9783690905466_Website-2048x731.jpg 2048w" sizes="auto, (max-width: 1024px) 100vw, 1024px" /></figure><div class="wp-block-media-text__content">
<p></p>
</div></div>



<p></p>



<div class="wp-block-buttons is-layout-flex wp-block-buttons-is-layout-flex">
<div class="wp-block-button"><a class="wp-block-button__link wp-element-button">Leseprobe</a></div>
</div>



<hr class="wp-block-separator has-alpha-channel-opacity"/>



<p>Über zwanzig Jahre nach dem Selbstmord ihrer Schwester scheint Annas Leben in bester Ordnung: Sie ist erfolgreiche Anwältin und ihr Mann ein ehrgeiziger Chefarzt. Die Ereignisse von damals hat sie völlig verdrängt. Doch in ihrer Ehe kriselt es und Anna wird von immer wiederkehrenden Träumen gequält: ein dunkler Flur, ein blauer Schmetterling und das hilflose Weinen eines Mädchens lassen sie nicht mehr los.</p>



<p>Anna ahnt, dass die Träume mit dem Tod ihrer Schwester zu tun haben. Doch um die Wahrheit zu entschlüsseln, muss sie tief in ihr Unterbewusstsein vordringen. Scheinbar zufällig begegnet sie dem suspendierten Hauptkommissar Fritz Sander, der ihr seine Hilfe anbietet. Die beiden geraten in ein Netz aus Lügen, Korruption, Mord und Geheimnissen. Wem kann Anna noch trauen und was lauert in ihrer Erinnerung?</p>



<hr class="wp-block-separator has-alpha-channel-opacity"/>



<div class="wp-block-buttons is-content-justification-left is-layout-flex wp-container-core-buttons-is-layout-497c4cc1 wp-block-buttons-is-layout-flex">
<div class="wp-block-button is-style-fill"><a class="wp-block-button__link wp-element-button" href="https://shop.autorenwelt.de/products/niemand-wird-dich-horen-thriller-krimi-von-eva-gessner?variant=39445964849245" target="_blank" rel="noreferrer noopener">Autorenwelt Shop</a></div>



<div class="wp-block-button is-style-fill"><a class="wp-block-button__link wp-element-button" href="https://agnesbuchhandlung.buchhandlung.de/shop/article/36939629/eva_gessner_niemand_wird_dich_hoeren.html" target="_blank" rel="noreferrer noopener">eBook</a></div>



<div class="wp-block-button is-style-fill"><a class="wp-block-button__link wp-element-button" href="https://agnesbuchhandlung.buchhandlung.de/shop/article/51327952/eva_gessner_niemand_wird_dich_hoeren.html" target="_blank" rel="noreferrer noopener">Hörbuch</a></div>
</div>



<p></p>



<p><em><mark style="background-color:rgba(0, 0, 0, 0)" class="has-inline-color has-vivid-red-color">Wenn ihr das Buch im Autorenwelt Shop kauft, <br>verdiene ich noch mal 7% zusätzlich daran. <br>Und euch kostet es keinen Cent mehr.</mark></em></p>



<p></p>



<p></p>

<p>Jahrelang hat sie sich nicht an den Tod ihrer Schwester erinnert. Jahrelang hat sie keine Fragen gestellt. Doch nun wird sie in ihren Albträumen verfolgt …</p>
