{"id":3,"date":"2023-01-31T13:16:19","date_gmt":"2023-01-31T13:16:19","guid":{"rendered":"http:\/\/evagessner.de\/?page_id=3"},"modified":"2025-03-31T10:42:24","modified_gmt":"2025-03-31T10:42:24","slug":"ueber-mich","status":"publish","type":"page","link":"https:\/\/evagessner.de\/home\/ueber-mich\/","title":{"rendered":"\u00dcber mich"},"content":{"rendered":"\n<div class=\"wp-block-media-text alignwide is-stacked-on-mobile\"><figure class=\"wp-block-media-text__media\"><img loading=\"lazy\" decoding=\"async\" width=\"1024\" height=\"782\" src=\"http:\/\/evagessner.de\/wp-content\/uploads\/2023\/01\/d54338_c0ba8f4088144f238dda9ee0bab45fb5mv2_d_2895_2212_s_2-scaled-e1675182392897-1024x782.jpg\" alt=\"\" class=\"wp-image-6 size-full\" srcset=\"https:\/\/evagessner.de\/wp-content\/uploads\/2023\/01\/d54338_c0ba8f4088144f238dda9ee0bab45fb5mv2_d_2895_2212_s_2-scaled-e1675182392897-1024x782.jpg 1024w, https:\/\/evagessner.de\/wp-content\/uploads\/2023\/01\/d54338_c0ba8f4088144f238dda9ee0bab45fb5mv2_d_2895_2212_s_2-scaled-e1675182392897-300x229.jpg 300w, https:\/\/evagessner.de\/wp-content\/uploads\/2023\/01\/d54338_c0ba8f4088144f238dda9ee0bab45fb5mv2_d_2895_2212_s_2-scaled-e1675182392897-768x587.jpg 768w, https:\/\/evagessner.de\/wp-content\/uploads\/2023\/01\/d54338_c0ba8f4088144f238dda9ee0bab45fb5mv2_d_2895_2212_s_2-scaled-e1675182392897.jpg 1080w\" sizes=\"auto, (max-width: 1024px) 100vw, 1024px\" \/><\/figure><div class=\"wp-block-media-text__content\">\n<p style=\"font-size:14px\">Das bin ich, Jahrgang 1968. <\/p>\n\n\n\n<p style=\"font-size:14px\">Als Kind hab ich so ziemlich alles gelesen, was ich in die Finger bekam, aber am liebsten Kriminalgeschichten und Abenteuerromane. Meine erste Kurzgeschichte schrieb ich als 10-J\u00e4hrige.<br>Nach dem Abitur hab ich Geschichte und Geographie in K\u00f6ln studiert und anschlie\u00dfend als freiberufliche IT-Trainerin und Beraterin gearbeitet. War doch naheliegend. Dieser Job f\u00fchrte mich kreuz und quer durch die Republik, mit einem l\u00e4ngeren Aufenthalt in M\u00fcnchen. 2014 wollte ich aber nach K\u00f6ln zur\u00fcck, hab dann dort einige Jahre erst die Verwaltung eines freien Theaters geleitet und dann einen Biosupermarkt. Jetzt arbeite ich nur noch Teilzeit, denn B\u00fccher schreiben sich nicht von allein. <\/p>\n\n\n\n<p style=\"font-size:14px\">(Foto: Theresa Wallrath)<\/p>\n<\/div><\/div>\n","protected":false},"excerpt":{"rendered":"<p>Das bin ich, Jahrgang 1968. Als Kind hab ich so ziemlich alles gelesen, was ich in die Finger bekam, aber am liebsten Kriminalgeschichten und Abenteuerromane. Meine erste Kurzgeschichte schrieb ich [&hellip;]<\/p>\n","protected":false},"author":2,"featured_media":0,"parent":0,"menu_order":0,"comment_status":"closed","ping_status":"closed","template":"","meta":{"footnotes":""},"class_list":["post-3","page","type-page","status-publish","hentry"],"_links":{"self":[{"href":"https:\/\/evagessner.de\/home\/wp-json\/wp\/v2\/pages\/3","targetHints":{"allow":["GET"]}}],"collection":[{"href":"https:\/\/evagessner.de\/home\/wp-json\/wp\/v2\/pages"}],"about":[{"href":"https:\/\/evagessner.de\/home\/wp-json\/wp\/v2\/types\/page"}],"author":[{"embeddable":true,"href":"https:\/\/evagessner.de\/home\/wp-json\/wp\/v2\/users\/2"}],"replies":[{"embeddable":true,"href":"https:\/\/evagessner.de\/home\/wp-json\/wp\/v2\/comments?post=3"}],"version-history":[{"count":8,"href":"https:\/\/evagessner.de\/home\/wp-json\/wp\/v2\/pages\/3\/revisions"}],"predecessor-version":[{"id":547,"href":"https:\/\/evagessner.de\/home\/wp-json\/wp\/v2\/pages\/3\/revisions\/547"}],"wp:attachment":[{"href":"https:\/\/evagessner.de\/home\/wp-json\/wp\/v2\/media?parent=3"}],"curies":[{"name":"wp","href":"https:\/\/api.w.org\/{rel}","templated":true}]}}

Über mich

<div class="wp-block-media-text alignwide is-stacked-on-mobile"><figure class="wp-block-media-text__media"><img loading="lazy" decoding="async" width="1024" height="782" src="http://evagessner.de/wp-content/uploads/2023/01/d54338_c0ba8f4088144f238dda9ee0bab45fb5mv2_d_2895_2212_s_2-scaled-e1675182392897-1024x782.jpg" alt="" class="wp-image-6 size-full" srcset="https://evagessner.de/wp-content/uploads/2023/01/d54338_c0ba8f4088144f238dda9ee0bab45fb5mv2_d_2895_2212_s_2-scaled-e1675182392897-1024x782.jpg 1024w, https://evagessner.de/wp-content/uploads/2023/01/d54338_c0ba8f4088144f238dda9ee0bab45fb5mv2_d_2895_2212_s_2-scaled-e1675182392897-300x229.jpg 300w, https://evagessner.de/wp-content/uploads/2023/01/d54338_c0ba8f4088144f238dda9ee0bab45fb5mv2_d_2895_2212_s_2-scaled-e1675182392897-768x587.jpg 768w, https://evagessner.de/wp-content/uploads/2023/01/d54338_c0ba8f4088144f238dda9ee0bab45fb5mv2_d_2895_2212_s_2-scaled-e1675182392897.jpg 1080w" sizes="auto, (max-width: 1024px) 100vw, 1024px" /></figure><div class="wp-block-media-text__content">
<p style="font-size:14px">Das bin ich, Jahrgang 1968. </p>



<p style="font-size:14px">Als Kind hab ich so ziemlich alles gelesen, was ich in die Finger bekam, aber am liebsten Kriminalgeschichten und Abenteuerromane. Meine erste Kurzgeschichte schrieb ich als 10-Jährige.<br>Nach dem Abitur hab ich Geschichte und Geographie in Köln studiert und anschließend als freiberufliche IT-Trainerin und Beraterin gearbeitet. War doch naheliegend. Dieser Job führte mich kreuz und quer durch die Republik, mit einem längeren Aufenthalt in München. 2014 wollte ich aber nach Köln zurück, hab dann dort einige Jahre erst die Verwaltung eines freien Theaters geleitet und dann einen Biosupermarkt. Jetzt arbeite ich nur noch Teilzeit, denn Bücher schreiben sich nicht von allein. </p>



<p style="font-size:14px">(Foto: Theresa Wallrath)</p>
</div></div>
