{"id":2,"date":"2023-01-31T13:16:19","date_gmt":"2023-01-31T13:16:19","guid":{"rendered":"http:\/\/evagessner.de\/?page_id=2"},"modified":"2023-01-31T16:20:03","modified_gmt":"2023-01-31T16:20:03","slug":"datenschutzerklaerung","status":"publish","type":"page","link":"https:\/\/evagessner.de\/home\/datenschutzerklaerung\/","title":{"rendered":"Datenschutzerkl\u00e4rung"},"content":{"rendered":"\n<p><em>Datenschutzerkl\u00e4rung<\/em><\/p>\n\n\n\n<p><em><strong>1. Datenschutz auf einen Blick<\/strong><\/em><\/p>\n\n\n\n<p><em>Allgemeine Hinweise<\/em><\/p>\n\n\n\n<p><em>Die folgenden Hinweise geben einen einfachen \u00dcberblick dar\u00fcber, was mit Ihren personenbezogenen Daten<\/em><\/p>\n\n\n\n<p><em>passiert, wenn Sie diese Website besuchen. Personenbezogene Daten sind alle Daten, mit denen Sie<\/em><\/p>\n\n\n\n<p><em>pers\u00f6nlich identifiziert werden k\u00f6nnen. Ausf\u00fchrliche Informationen zum Thema Datenschutz entnehmen<\/em><\/p>\n\n\n\n<p><em>Sie unserer unter diesem Text aufgef\u00fchrten Datenschutzerkl\u00e4rung.<\/em><\/p>\n\n\n\n<p><em><strong>Datenerfassung auf dieser Website<\/strong><\/em><\/p>\n\n\n\n<p><em>Wer ist verantwortlich f\u00fcr die Datenerfassung auf dieser Website?<\/em><\/p>\n\n\n\n<p><em>Die Datenverarbeitung auf dieser Website erfolgt durch den Websitebetreiber. Dessen Kontaktdaten<\/em><\/p>\n\n\n\n<p><em>k\u00f6nnen Sie dem Abschnitt \u201eHinweis zur Verantwortlichen Stelle\u201c in dieser Datenschutzerkl\u00e4rung entnehmen.<\/em><\/p>\n\n\n\n<p><\/p>\n\n\n\n<p><em><strong>Wie erfassen wir Ihre Daten?<\/strong><\/em><\/p>\n\n\n\n<p><em>Ihre Daten werden zum einen dadurch erhoben, dass Sie uns diese mitteilen. Hierbei kann es sich z. B. um<\/em><\/p>\n\n\n\n<p><em>Daten handeln, die Sie in ein Kontaktformular eingeben.<\/em><\/p>\n\n\n\n<p><em>Andere Daten werden automatisch oder nach Ihrer Einwilligung beim Besuch der Website durch unsere ITSysteme<\/em><\/p>\n\n\n\n<p><em>erfasst. Das sind vor allem technische Daten (z. B. Internetbrowser, Betriebssystem oder Uhrzeit<\/em><\/p>\n\n\n\n<p><em>des Seitenaufrufs). Die Erfassung dieser Daten erfolgt automatisch, sobald Sie diese Website betreten.<\/em><\/p>\n\n\n\n<p><em>Wof\u00fcr nutzen wir Ihre Daten?<\/em><\/p>\n\n\n\n<p><em>Ein Teil der Daten wird erhoben, um eine fehlerfreie Bereitstellung der Website zu gew\u00e4hrleisten. Andere<\/em><\/p>\n\n\n\n<p><em>Daten k\u00f6nnen zur Analyse Ihres Nutzerverhaltens verwendet werden.<\/em><\/p>\n\n\n\n<p><\/p>\n\n\n\n<p><em><strong>Welche Rechte haben Sie bez\u00fcglich Ihrer Daten?<\/strong><\/em><\/p>\n\n\n\n<p><em>Sie haben jederzeit das Recht, unentgeltlich Auskunft \u00fcber Herkunft, Empf\u00e4nger und Zweck Ihrer<\/em><\/p>\n\n\n\n<p><em>gespeicherten personenbezogenen Daten zu erhalten. Sie haben au\u00dferdem ein Recht, die Berichtigung oder<\/em><\/p>\n\n\n\n<p><em>L\u00f6schung dieser Daten zu verlangen. Wenn Sie eine Einwilligung zur Datenverarbeitung erteilt haben,<\/em><\/p>\n\n\n\n<p><em>k\u00f6nnen Sie diese Einwilligung jederzeit f\u00fcr die Zukunft widerrufen. Au\u00dferdem haben Sie das Recht, unter<\/em><\/p>\n\n\n\n<p><em>bestimmten Umst\u00e4nden die Einschr\u00e4nkung der Verarbeitung Ihrer personenbezogenen Daten zu verlangen.<\/em><\/p>\n\n\n\n<p><em>Des Weiteren steht Ihnen ein Beschwerderecht bei der zust\u00e4ndigen Aufsichtsbeh\u00f6rde zu.<\/em><\/p>\n\n\n\n<p><em>Hierzu sowie zu weiteren Fragen zum Thema Datenschutz k\u00f6nnen Sie sich jederzeit an uns wenden.<\/em><\/p>\n\n\n\n<p><\/p>\n\n\n\n<p><em><strong>Analyse-Tools und Tools von Drittanbietern<\/strong><\/em><\/p>\n\n\n\n<p><em>Beim Besuch dieser Website kann Ihr Surf-Verhalten statistisch ausgewertet werden. Das geschieht vor<\/em><\/p>\n\n\n\n<p><em>allem mit sogenannten Analyseprogrammen.<\/em><\/p>\n\n\n\n<p><em>Detaillierte Informationen zu diesen Analyseprogrammen finden Sie in der folgenden<\/em><\/p>\n\n\n\n<p><em>Datenschutzerkl\u00e4rung.<\/em><\/p>\n\n\n\n<p><\/p>\n\n\n\n<p><em><strong>2. Hosting<\/strong><\/em><\/p>\n\n\n\n<p><em>Wir hosten die Inhalte unserer Website bei folgendem Anbieter:<\/em><\/p>\n\n\n\n<p><em>Strato<\/em><\/p>\n\n\n\n<p><em>Anbieter ist die Strato AG, Otto-Ostrowski-Stra\u00dfe 7, 10249 Berlin (nachfolgend \u201eStrato\u201c). Wenn Sie unsere<\/em><\/p>\n\n\n\n<p><em>Website besuchen, erfasst Strato verschiedene Logfiles inklusive Ihrer IP-Adressen.<\/em><\/p>\n\n\n\n<p><em>Weitere Informationen entnehmen Sie der Datenschutzerkl\u00e4rung von Strato:<\/em><\/p>\n\n\n\n<p><a href=\"https:\/\/www.strato.de\/datenschutz\/.\">https:\/\/www.strato.de\/datenschutz\/.<\/a><\/p>\n\n\n\n<p><em>Die Verwendung von Strato erfolgt auf Grundlage von Art. 6 Abs. 1 lit. f DSGVO. Wir haben ein berechtigtes<\/em><\/p>\n\n\n\n<p><em>Interesse an einer m\u00f6glichst zuverl\u00e4ssigen Darstellung unserer Website. Sofern eine entsprechende<\/em><\/p>\n\n\n\n<p><em>Einwilligung abgefragt wurde, erfolgt die Verarbeitung ausschlie\u00dflich auf Grundlage von Art. 6 Abs. 1 lit. a<\/em><\/p>\n\n\n\n<p><em>DSGVO und \u00a7 25 Abs. 1 TTDSG, soweit die Einwilligung die Speicherung von Cookies oder den Zugriff auf<\/em><\/p>\n\n\n\n<p><em>Informationen im Endger\u00e4t des Nutzers (z. B. Device-Fingerprinting) im Sinne des TTDSG umfasst. Die<\/em><\/p>\n\n\n\n<p><em>Einwilligung ist jederzeit widerrufbar.<\/em><\/p>\n\n\n\n<p><\/p>\n\n\n\n<p><em><strong>3. Allgemeine Hinweise und Pflichtinformationen<\/strong><\/em><\/p>\n\n\n\n<p><em><strong>Datenschutz<\/strong><\/em><\/p>\n\n\n\n<p><em>Die Betreiber dieser Seiten nehmen den Schutz Ihrer pers\u00f6nlichen Daten sehr ernst. Wir behandeln Ihre<\/em><\/p>\n\n\n\n<p><em>personenbezogenen Daten vertraulich und entsprechend den gesetzlichen Datenschutzvorschriften sowie<\/em><\/p>\n\n\n\n<p><em>dieser Datenschutzerkl\u00e4rung.<\/em><\/p>\n\n\n\n<p><em>Wenn Sie diese Website benutzen, werden verschiedene personenbezogene Daten erhoben.<\/em><\/p>\n\n\n\n<p><em>Personenbezogene Daten sind Daten, mit denen Sie pers\u00f6nlich identifiziert werden k\u00f6nnen. Die vorliegende<\/em><\/p>\n\n\n\n<p><em>Datenschutzerkl\u00e4rung erl\u00e4utert, welche Daten wir erheben und wof\u00fcr wir sie nutzen. Sie erl\u00e4utert auch, wie<\/em><\/p>\n\n\n\n<p><em>und zu welchem Zweck das geschieht.<\/em><\/p>\n\n\n\n<p><em>Wir weisen darauf hin, dass die Daten\u00fcbertragung im Internet (z. B. bei der Kommunikation per E-Mail)<\/em><\/p>\n\n\n\n<p><em>Sicherheitsl\u00fccken aufweisen kann. Ein l\u00fcckenloser Schutz der Daten vor dem Zugriff durch Dritte ist nicht<\/em><\/p>\n\n\n\n<p><em>m\u00f6glich.<\/em><\/p>\n\n\n\n<p><\/p>\n\n\n\n<p><em><strong>Hinweis zur verantwortlichen Stelle<\/strong><\/em><\/p>\n\n\n\n<p><em>Die verantwortliche Stelle f\u00fcr die Datenverarbeitung auf dieser Website ist:<\/em><\/p>\n\n\n\n<p><em>Eva Ge\u00dfner<\/em>, <em>K\u00f6ln<\/em><\/p>\n\n\n\n<p><em>E-Mail: eva.gessner@web.de<\/em><\/p>\n\n\n\n<p><em>Verantwortliche Stelle ist die nat\u00fcrliche oder juristische Person, die allein oder gemeinsam mit anderen \u00fcber<\/em><\/p>\n\n\n\n<p><em>die Zwecke und Mittel der Verarbeitung von personenbezogenen Daten (z. B. Namen, E-Mail-Adressen o. \u00c4.)<\/em><\/p>\n\n\n\n<p><em>entscheidet.<\/em><\/p>\n\n\n\n<p><\/p>\n\n\n\n<p><em><strong>Speicherdauer<\/strong><\/em><\/p>\n\n\n\n<p><em>Soweit innerhalb dieser Datenschutzerkl\u00e4rung keine speziellere Speicherdauer genannt wurde, verbleiben<\/em><\/p>\n\n\n\n<p><em>Ihre personenbezogenen Daten bei uns, bis der Zweck f\u00fcr die Datenverarbeitung entf\u00e4llt. Wenn Sie ein<\/em><\/p>\n\n\n\n<p><em>berechtigtes L\u00f6schersuchen geltend machen oder eine Einwilligung zur Datenverarbeitung widerrufen,<\/em><\/p>\n\n\n\n<p><em>werden Ihre Daten gel\u00f6scht, sofern wir keine anderen rechtlich zul\u00e4ssigen Gr\u00fcnde f\u00fcr die Speicherung Ihrer<\/em><\/p>\n\n\n\n<p><em>personenbezogenen Daten haben (z. B. steuer- oder handelsrechtliche Aufbewahrungsfristen); im<\/em><\/p>\n\n\n\n<p><em>letztgenannten Fall erfolgt die L\u00f6schung nach Fortfall dieser Gr\u00fcnde.<\/em><\/p>\n\n\n\n<p><em>Allgemeine Hinweise zu den Rechtsgrundlagen der Datenverarbeitung auf dieser<\/em> <em>Website<\/em><\/p>\n\n\n\n<p><em>Sofern Sie in die Datenverarbeitung eingewilligt haben, verarbeiten wir Ihre personenbezogenen Daten auf<\/em><\/p>\n\n\n\n<p><em>Grundlage von Art. 6 Abs. 1 lit. a DSGVO bzw. Art. 9 Abs. 2 lit. a DSGVO, sofern besondere Datenkategorien<\/em><\/p>\n\n\n\n<p><em>nach Art. 9 Abs. 1 DSGVO verarbeitet werden. Im Falle einer ausdr\u00fccklichen Einwilligung in die \u00dcbertragung<\/em><\/p>\n\n\n\n<p><em>personenbezogener Daten in Drittstaaten erfolgt die Datenverarbeitung au\u00dferdem auf Grundlage von Art.<\/em><\/p>\n\n\n\n<p><em>49 Abs. 1 lit. a DSGVO. Sofern Sie in die Speicherung von Cookies oder in den Zugriff auf Informationen in<\/em><\/p>\n\n\n\n<p><em>Ihr Endger\u00e4t (z. B. via Device-Fingerprinting) eingewilligt haben, erfolgt die Datenverarbeitung zus\u00e4tzlich<\/em><\/p>\n\n\n\n<p><em>auf Grundlage von \u00a7 25 Abs. 1 TTDSG. Die Einwilligung ist jederzeit widerrufbar. Sind Ihre Daten zur<\/em><\/p>\n\n\n\n<p><em>Vertragserf\u00fcllung oder zur Durchf\u00fchrung vorvertraglicher Ma\u00dfnahmen erforderlich, verarbeiten wir Ihre<\/em><\/p>\n\n\n\n<p><em>Daten auf Grundlage des Art. 6 Abs. 1 lit. b DSGVO. Des Weiteren verarbeiten wir Ihre Daten, sofern diese<\/em><\/p>\n\n\n\n<p><em>zur Erf\u00fcllung einer rechtlichen Verpflichtung erforderlich sind auf Grundlage von Art. 6 Abs. 1 lit. c DSGVO.<\/em><\/p>\n\n\n\n<p><em>Die Datenverarbeitung kann ferner auf Grundlage unseres berechtigten Interesses nach Art. 6 Abs. 1 lit. f<\/em><\/p>\n\n\n\n<p><em>DSGVO erfolgen. \u00dcber die jeweils im Einzelfall einschl\u00e4gigen Rechtsgrundlagen wird in den folgenden<\/em><\/p>\n\n\n\n<p><em>Abs\u00e4tzen dieser Datenschutzerkl\u00e4rung informiert.<\/em><\/p>\n\n\n\n<p><\/p>\n\n\n\n<p><em><strong>Hinweis zur Datenweitergabe in die USA und sonstige Drittstaaten<\/strong><\/em><\/p>\n\n\n\n<p><em>Wir verwenden unter anderem Tools von Unternehmen mit Sitz in den USA oder sonstigen<\/em><\/p>\n\n\n\n<p><em>datenschutzrechtlich nicht sicheren Drittstaaten. Wenn diese Tools aktiv sind, k\u00f6nnen Ihre<\/em><\/p>\n\n\n\n<p><em>personenbezogene Daten in diese Drittstaaten \u00fcbertragen und dort verarbeitet werden. Wir weisen darauf<\/em><\/p>\n\n\n\n<p><em>hin, dass in diesen L\u00e4ndern kein mit der EU vergleichbares Datenschutzniveau garantiert werden kann.<\/em><\/p>\n\n\n\n<p><em>Beispielsweise sind US-Unternehmen dazu verpflichtet, personenbezogene Daten an Sicherheitsbeh\u00f6rden<\/em><\/p>\n\n\n\n<p><em>herauszugeben, ohne dass Sie als Betroffener hiergegen gerichtlich vorgehen k\u00f6nnten. Es kann daher nicht<\/em><\/p>\n\n\n\n<p><em>ausgeschlossen werden, dass US-Beh\u00f6rden (z. B. Geheimdienste) Ihre auf US-Servern befindlichen Daten zu<\/em><\/p>\n\n\n\n<p><em>\u00dcberwachungszwecken verarbeiten, auswerten und dauerhaft speichern. Wir haben auf diese<\/em><\/p>\n\n\n\n<p><em>Verarbeitungst\u00e4tigkeiten keinen Einfluss.<\/em><\/p>\n\n\n\n<p><\/p>\n\n\n\n<p><em><strong>Widerruf Ihrer Einwilligung zur Datenverarbeitung<\/strong><\/em><\/p>\n\n\n\n<p><em>Viele Datenverarbeitungsvorg\u00e4nge sind nur mit Ihrer ausdr\u00fccklichen Einwilligung m\u00f6glich. Sie k\u00f6nnen eine<\/em><\/p>\n\n\n\n<p><em>bereits erteilte Einwilligung jederzeit widerrufen. Die Rechtm\u00e4\u00dfigkeit der bis zum Widerruf erfolgten<\/em><\/p>\n\n\n\n<p><em>Datenverarbeitung bleibt vom Widerruf unber\u00fchrt.<\/em> <\/p>\n\n\n\n<p><em>Widerspruchsrecht gegen die Datenerhebung in besonderen F\u00e4llen sowie gegen<\/em><\/p>\n\n\n\n<p><em>Direktwerbung (Art. 21 DSGVO)<\/em><\/p>\n\n\n\n<p><em>WENN DIE DATENVERARBEITUNG AUF GRUNDLAGE VON ART. 6 ABS. 1 LIT. E ODER F DSGVO<\/em><\/p>\n\n\n\n<p><em>ERFOLGT, HABEN SIE JEDERZEIT DAS RECHT, AUS GR\u00dcNDEN, DIE SICH AUS IHRER BESONDEREN<\/em><\/p>\n\n\n\n<p><em>SITUATION ERGEBEN, GEGEN DIE VERARBEITUNG IHRER PERSONENBEZOGENEN DATEN<\/em><\/p>\n\n\n\n<p><em>WIDERSPRUCH EINZULEGEN; DIES GILT AUCH F\u00dcR EIN AUF DIESE BESTIMMUNGEN GEST\u00dcTZTES<\/em><\/p>\n\n\n\n<p><em>PROFILING. DIE JEWEILIGE RECHTSGRUNDLAGE, AUF DENEN EINE VERARBEITUNG BERUHT,<\/em><\/p>\n\n\n\n<p><em>ENTNEHMEN SIE DIESER DATENSCHUTZERKL\u00c4RUNG. WENN SIE WIDERSPRUCH EINLEGEN,<\/em><\/p>\n\n\n\n<p><em>WERDEN WIR IHRE BETROFFENEN PERSONENBEZOGENEN DATEN NICHT MEHR VERARBEITEN, ES<\/em><\/p>\n\n\n\n<p><em>SEI DENN, WIR K\u00d6NNEN ZWINGENDE SCHUTZW\u00dcRDIGE GR\u00dcNDE F\u00dcR DIE VERARBEITUNG<\/em><\/p>\n\n\n\n<p><em>NACHWEISEN, DIE IHRE INTERESSEN, RECHTE UND FREIHEITEN \u00dcBERWIEGEN ODER DIE<\/em><\/p>\n\n\n\n<p><em>VERARBEITUNG DIENT DER GELTENDMACHUNG, AUS\u00dcBUNG ODER VERTEIDIGUNG VON<\/em><\/p>\n\n\n\n<p><em>RECHTSANSPR\u00dcCHEN (WIDERSPRUCH NACH ART. 21 ABS. 1 DSGVO).<\/em><\/p>\n\n\n\n<p><em>WERDEN IHRE PERSONENBEZOGENEN DATEN VERARBEITET, UM DIREKTWERBUNG ZU BETREIBEN,<\/em><\/p>\n\n\n\n<p><em>SO HABEN SIE DAS RECHT, JEDERZEIT WIDERSPRUCH GEGEN DIE VERARBEITUNG SIE<\/em><\/p>\n\n\n\n<p><em>BETREFFENDER PERSONENBEZOGENER DATEN ZUM ZWECKE DERARTIGER WERBUNG<\/em><\/p>\n\n\n\n<p><em>EINZULEGEN; DIES GILT AUCH F\u00dcR DAS PROFILING, SOWEIT ES MIT SOLCHER DIREKTWERBUNG IN<\/em><\/p>\n\n\n\n<p><em>VERBINDUNG STEHT. WENN SIE WIDERSPRECHEN, WERDEN IHRE PERSONENBEZOGENEN DATEN<\/em><\/p>\n\n\n\n<p><em>ANSCHLIESSEND NICHT MEHR ZUM ZWECKE DER DIREKTWERBUNG VERWENDET (WIDERSPRUCH<\/em><\/p>\n\n\n\n<p><em>NACH ART. 21 ABS. 2 DSGVO).<\/em><\/p>\n\n\n\n<p><em><strong>Beschwerderecht bei der zust\u00e4ndigen Aufsichtsbeh\u00f6rde<\/strong><\/em><\/p>\n\n\n\n<p><em>Im Falle von Verst\u00f6\u00dfen gegen die DSGVO steht den Betroffenen ein Beschwerderecht bei einer<\/em><\/p>\n\n\n\n<p><em>Aufsichtsbeh\u00f6rde, insbesondere in dem Mitgliedstaat ihres gew\u00f6hnlichen Aufenthalts, ihres Arbeitsplatzes<\/em><\/p>\n\n\n\n<p><em>oder des Orts des mutma\u00dflichen Versto\u00dfes zu. Das Beschwerderecht besteht unbeschadet anderweitiger<\/em><\/p>\n\n\n\n<p><em>verwaltungsrechtlicher oder gerichtlicher Rechtsbehelfe.<\/em><\/p>\n\n\n\n<p><em>Recht auf Daten\u00fcbertragbarkeit<\/em><\/p>\n\n\n\n<p><em>Sie haben das Recht, Daten, die wir auf Grundlage Ihrer Einwilligung oder in Erf\u00fcllung eines Vertrags<\/em><\/p>\n\n\n\n<p><em>automatisiert verarbeiten, an sich oder an einen Dritten in einem g\u00e4ngigen, maschinenlesbaren Format<\/em><\/p>\n\n\n\n<p><em>aush\u00e4ndigen zu lassen. Sofern Sie die direkte \u00dcbertragung der Daten an einen anderen Verantwortlichen<\/em><\/p>\n\n\n\n<p><em>verlangen, erfolgt dies nur, soweit es technisch machbar ist.<\/em><\/p>\n\n\n\n<p><em>Auskunft, L\u00f6schung und Berichtigung<\/em><\/p>\n\n\n\n<p><em>Sie haben im Rahmen der geltenden gesetzlichen Bestimmungen jederzeit das Recht auf unentgeltliche<\/em><\/p>\n\n\n\n<p><em>Auskunft \u00fcber Ihre gespeicherten personenbezogenen Daten, deren Herkunft und Empf\u00e4nger und den<\/em><\/p>\n\n\n\n<p><em>Zweck der Datenverarbeitung und ggf. ein Recht auf Berichtigung oder L\u00f6schung dieser Daten. Hierzu sowie<\/em><\/p>\n\n\n\n<p><em>zu weiteren Fragen zum Thema personenbezogene Daten k\u00f6nnen Sie sich jederzeit an uns wenden.<\/em><\/p>\n\n\n\n<p><em><strong>Recht auf Einschr\u00e4nkung der Verarbeitung<\/strong><\/em><\/p>\n\n\n\n<p><em>Sie haben das Recht, die Einschr\u00e4nkung der Verarbeitung Ihrer personenbezogenen Daten zu verlangen.<\/em><\/p>\n\n\n\n<p><em>Hierzu k\u00f6nnen Sie sich jederzeit an uns wenden. Das Recht auf Einschr\u00e4nkung der Verarbeitung besteht in<\/em><\/p>\n\n\n\n<p><em>folgenden F\u00e4llen:<\/em><\/p>\n\n\n\n<p><em>Wenn Sie die Richtigkeit Ihrer bei uns gespeicherten personenbezogenen Daten bestreiten, ben\u00f6tigen wir<\/em><\/p>\n\n\n\n<p><em>in der Regel Zeit, um dies zu \u00fcberpr\u00fcfen. F\u00fcr die Dauer der Pr\u00fcfung haben Sie das Recht, die<\/em><\/p>\n\n\n\n<p><em>Einschr\u00e4nkung der Verarbeitung Ihrer personenbezogenen Daten zu verlangen.<\/em><\/p>\n\n\n\n<p><em>Wenn die Verarbeitung Ihrer personenbezogenen Daten unrechtm\u00e4\u00dfig geschah\/geschieht, k\u00f6nnen Sie<\/em><\/p>\n\n\n\n<p><em>statt der L\u00f6schung die Einschr\u00e4nkung der Datenverarbeitung verlangen.<\/em><\/p>\n\n\n\n<p><em>Wenn wir Ihre personenbezogenen Daten nicht mehr ben\u00f6tigen, Sie sie jedoch zur Aus\u00fcbung,<\/em><\/p>\n\n\n\n<p><em>Verteidigung oder Geltendmachung von Rechtsanspr\u00fcchen ben\u00f6tigen, haben Sie das Recht, statt der<\/em><\/p>\n\n\n\n<p><em>L\u00f6schung die Einschr\u00e4nkung der Verarbeitung Ihrer personenbezogenen Daten zu verlangen.<\/em><\/p>\n\n\n\n<p><em>Wenn Sie einen Widerspruch nach Art. 21 Abs. 1 DSGVO eingelegt haben, muss eine Abw\u00e4gung zwischen<\/em><\/p>\n\n\n\n<p><em>Ihren und unseren Interessen vorgenommen werden. Solange noch nicht feststeht, wessen Interessen<\/em><\/p>\n\n\n\n<p><em>\u00fcberwiegen, haben Sie das Recht, die Einschr\u00e4nkung der Verarbeitung Ihrer personenbezogenen Daten<\/em><\/p>\n\n\n\n<p><em>zu verlangen.<\/em><\/p>\n\n\n\n<p><em>Wenn Sie die Verarbeitung Ihrer personenbezogenen Daten eingeschr\u00e4nkt haben, d\u00fcrfen diese Daten \u2013 von<\/em><\/p>\n\n\n\n<p><em>ihrer Speicherung abgesehen \u2013 nur mit Ihrer Einwilligung oder zur Geltendmachung, Aus\u00fcbung oder<\/em><\/p>\n\n\n\n<p><em>Verteidigung von Rechtsanspr\u00fcchen oder zum Schutz der Rechte einer anderen nat\u00fcrlichen oder<\/em><\/p>\n\n\n\n<p><em>juristischen Person oder aus Gr\u00fcnden eines wichtigen \u00f6ffentlichen Interesses der Europ\u00e4ischen Union oder<\/em><\/p>\n\n\n\n<p><em>eines Mitgliedstaats verarbeitet werden.<\/em><\/p>\n\n\n\n<p><\/p>\n\n\n\n<p><em><strong>4. Datenerfassung auf dieser Website<\/strong><\/em><\/p>\n\n\n\n<p><em><strong>Cookies<\/strong><\/em><\/p>\n\n\n\n<p><em>Unsere Internetseiten verwenden so genannte \u201eCookies\u201c. Cookies sind kleine Datenpakete und richten auf<\/em><\/p>\n\n\n\n<p><em>Ihrem Endger\u00e4t keinen Schaden an. Sie werden entweder vor\u00fcbergehend f\u00fcr die Dauer einer Sitzung<\/em><\/p>\n\n\n\n<p><em>(Session-Cookies) oder dauerhaft (permanente Cookies) auf Ihrem Endger\u00e4t gespeichert. Session-Cookies<\/em><\/p>\n\n\n\n<p><em>werden nach Ende Ihres Besuchs automatisch gel\u00f6scht. Permanente Cookies bleiben auf Ihrem Endger\u00e4t<\/em><\/p>\n\n\n\n<p><em>gespeichert, bis Sie diese selbst l\u00f6schen oder eine automatische L\u00f6schung durch Ihren Webbrowser erfolgt.<\/em><\/p>\n\n\n\n<p><em>Cookies k\u00f6nnen von uns (First-Party-Cookies) oder von Drittunternehmen stammen (sog. Third-Party-<\/em><\/p>\n\n\n\n<p><em>Cookies). Third-Party-Cookies erm\u00f6glichen die Einbindung bestimmter Dienstleistungen von<\/em><\/p>\n\n\n\n<p><em>Drittunternehmen innerhalb von Webseiten (z. B. Cookies zur Abwicklung von Zahlungsdienstleistungen).<\/em><\/p>\n\n\n\n<p><em>Cookies haben verschiedene Funktionen. Zahlreiche Cookies sind technisch notwendig, da bestimmte<\/em><\/p>\n\n\n\n<p><em>Webseitenfunktionen ohne diese nicht funktionieren w\u00fcrden (z. B. die Warenkorbfunktion oder die Anzeige<\/em><\/p>\n\n\n\n<p><em>von Videos). Andere Cookies k\u00f6nnen zur Auswertung des Nutzerverhaltens oder zu Werbezwecken<\/em><\/p>\n\n\n\n<p><em>verwendet werden.<\/em><\/p>\n\n\n\n<p><em>Cookies, die zur Durchf\u00fchrung des elektronischen Kommunikationsvorgangs, zur Bereitstellung<\/em><\/p>\n\n\n\n<p><em>bestimmter, von Ihnen erw\u00fcnschter Funktionen (z. B. f\u00fcr die Warenkorbfunktion) oder zur Optimierung der<\/em><\/p>\n\n\n\n<p><em>Website (z. B. Cookies zur Messung des Webpublikums) erforderlich sind (notwendige Cookies), werden auf<\/em><\/p>\n\n\n\n<p><em>Grundlage von Art. 6 Abs. 1 lit. f DSGVO gespeichert, sofern keine andere Rechtsgrundlage angegeben wird.<\/em><\/p>\n\n\n\n<p><em>Der Websitebetreiber hat ein berechtigtes Interesse an der Speicherung von notwendigen Cookies zur<\/em><\/p>\n\n\n\n<p><em>technisch fehlerfreien und optimierten Bereitstellung seiner Dienste. Sofern eine Einwilligung zur<\/em><\/p>\n\n\n\n<p><em>Speicherung von Cookies und vergleichbaren Wiedererkennungstechnologien abgefragt wurde, erfolgt die<\/em><\/p>\n\n\n\n<p><em>Verarbeitung ausschlie\u00dflich auf Grundlage dieser Einwilligung (Art. 6 Abs. 1 lit. a DSGVO und \u00a7 25 Abs. 1<\/em><\/p>\n\n\n\n<p><em>TTDSG); die Einwilligung ist jederzeit widerrufbar.<\/em><\/p>\n\n\n\n<p><em>Sie k\u00f6nnen Ihren Browser so einstellen, dass Sie \u00fcber das Setzen von Cookies informiert werden und<\/em><\/p>\n\n\n\n<p><em>Cookies nur im Einzelfall erlauben, die Annahme von Cookies f\u00fcr bestimmte F\u00e4lle oder generell ausschlie\u00dfen<\/em><\/p>\n\n\n\n<p><em>sowie das automatische L\u00f6schen der Cookies beim Schlie\u00dfen des Browsers aktivieren. Bei der<\/em><\/p>\n\n\n\n<p><em>Deaktivierung von Cookies kann die Funktionalit\u00e4t dieser Website eingeschr\u00e4nkt sein.<\/em><\/p>\n\n\n\n<p><em>Welche Cookies und Dienste auf dieser Website eingesetzt werden, k\u00f6nnen Sie dieser<\/em><\/p>\n\n\n\n<p><em>Datenschutzerkl\u00e4rung entnehmen.<\/em><\/p>\n\n\n\n<p><\/p>\n\n\n\n<p><em><strong>Anfrage per E-Mail, Telefon oder Telefax<\/strong><\/em><\/p>\n\n\n\n<p><em>Wenn Sie uns per E-Mail, Telefon oder Telefax kontaktieren, wird Ihre Anfrage inklusive aller daraus<\/em><\/p>\n\n\n\n<p><em>hervorgehenden personenbezogenen Daten (Name, Anfrage) zum Zwecke der Bearbeitung Ihres Anliegens<\/em><\/p>\n\n\n\n<p><em>bei uns gespeichert und verarbeitet. Diese Daten geben wir nicht ohne Ihre Einwilligung weiter.<\/em><\/p>\n\n\n\n<p><em>Die Verarbeitung dieser Daten erfolgt auf Grundlage von Art. 6 Abs. 1 lit. b DSGVO, sofern Ihre Anfrage mit<\/em><\/p>\n\n\n\n<p><em>der Erf\u00fcllung eines Vertrags zusammenh\u00e4ngt oder zur Durchf\u00fchrung vorvertraglicher Ma\u00dfnahmen<\/em><\/p>\n\n\n\n<p><em>erforderlich ist. In allen \u00fcbrigen F\u00e4llen beruht die Verarbeitung auf unserem berechtigten Interesse an der<\/em><\/p>\n\n\n\n<p><em>effektiven Bearbeitung der an uns gerichteten Anfragen (Art. 6 Abs. 1 lit. f DSGVO) oder auf Ihrer<\/em><\/p>\n\n\n\n<p><em>Einwilligung (Art. 6 Abs. 1 lit. a DSGVO) sofern diese abgefragt wurde; die Einwilligung ist jederzeit<\/em><\/p>\n\n\n\n<p><em>widerrufbar.<\/em><\/p>\n\n\n\n<p><em>Die von Ihnen an uns per Kontaktanfragen \u00fcbersandten Daten verbleiben bei uns, bis Sie uns zur L\u00f6schung<\/em><\/p>\n\n\n\n<p><em>auffordern, Ihre Einwilligung zur Speicherung widerrufen oder der Zweck f\u00fcr die Datenspeicherung entf\u00e4llt<\/em><\/p>\n\n\n\n<p><em>(z. B. nach abgeschlossener Bearbeitung Ihres Anliegens). Zwingende gesetzliche Bestimmungen \u2013<\/em><\/p>\n\n\n\n<p><em>insbesondere gesetzliche Aufbewahrungsfristen \u2013 bleiben unber\u00fchrt.<\/em><\/p>\n\n\n\n<p><\/p>\n\n\n\n<p><\/p>\n\n\n\n<p><\/p>\n\n\n\n<p><\/p>\n\n\n\n<p><\/p>\n","protected":false},"excerpt":{"rendered":"<p>Datenschutzerkl\u00e4rung 1. Datenschutz auf einen Blick Allgemeine Hinweise Die folgenden Hinweise geben einen einfachen \u00dcberblick dar\u00fcber, was mit Ihren personenbezogenen Daten passiert, wenn Sie diese Website besuchen. Personenbezogene Daten sind [&hellip;]<\/p>\n","protected":false},"author":2,"featured_media":0,"parent":0,"menu_order":0,"comment_status":"closed","ping_status":"closed","template":"","meta":{"footnotes":""},"class_list":["post-2","page","type-page","status-publish","hentry"],"_links":{"self":[{"href":"https:\/\/evagessner.de\/home\/wp-json\/wp\/v2\/pages\/2","targetHints":{"allow":["GET"]}}],"collection":[{"href":"https:\/\/evagessner.de\/home\/wp-json\/wp\/v2\/pages"}],"about":[{"href":"https:\/\/evagessner.de\/home\/wp-json\/wp\/v2\/types\/page"}],"author":[{"embeddable":true,"href":"https:\/\/evagessner.de\/home\/wp-json\/wp\/v2\/users\/2"}],"replies":[{"embeddable":true,"href":"https:\/\/evagessner.de\/home\/wp-json\/wp\/v2\/comments?post=2"}],"version-history":[{"count":3,"href":"https:\/\/evagessner.de\/home\/wp-json\/wp\/v2\/pages\/2\/revisions"}],"predecessor-version":[{"id":308,"href":"https:\/\/evagessner.de\/home\/wp-json\/wp\/v2\/pages\/2\/revisions\/308"}],"wp:attachment":[{"href":"https:\/\/evagessner.de\/home\/wp-json\/wp\/v2\/media?parent=2"}],"curies":[{"name":"wp","href":"https:\/\/api.w.org\/{rel}","templated":true}]}}